
-685
Let r(d) = d**3 - 34*d**2 - 23*d + 47. What is r(35)?
467
Let y(o) = -o**2 - 1505*o + 13618. What is y(9)?
-8
Let d(a) = -a**3 + 13*a**2 - 40*a + 4. Calculate d(8).
4
Let m(s) = -110*s + 1099. Determine m(10).
-1
Let j(a) = a**3 + 9*a**2 + 12*a + 102. Give j(-9).
-6
Let t(o) = -o**3 + 59*o**2 - 107*o - 391. Determine t(57).
8
Let n(g) = -g**3 + 69*g**2 + 295*g - 208. Calculate n(73).
11
Let t(k) = 12*k**3 - 11*k**2 - 5*k + 22. Determine t(2).
64
Let p(o) = o**2 + 26*o + 40. Determine p(-4).
-48
Let o(g) = 251*g - 257. What is o(1)?
-6
Let m(z) = 4*z**2 + 5232*z + 5232. Give m(-1).
4
Let z(d) = -4*d**3 + 12*d**2 + 11*d. Determine z(6).
-366
Let i(l) = 9*l**2 + l - 31. What is i(11)?
1069
Let v(l) = -l**2 - 80*l - 1505. Give v(-30).
-5
Let n(u) = -884*u - 877. Determine n(-1).
7
Let u(v) = -v**3 - 100*v**2 - 275*v + 1356. Calculate u(-97).
-196
Let x(q) = -q**3 - 20*q**2 + 91*q + 2097. What is x(-19)?
7
Let v(h) = 2*h**3 - 5*h**2 - 19*h - 37. Determine v(-3).
-79
Let y(r) = -r**3 - 12*r**2 - 21*r - 63. Calculate y(-11).
47
Let m(b) = 61*b - 337. What is m(9)?
212
Let f(g) = -26*g - 2092. Calculate f(-80).
-12
Let k(o) = -4*o**3 - 15*o**2 - 73*o - 310. What is k(-4)?
-2
Let a(x) = 13*x**2 + 25*x + 2. Determine a(-2).
4
Let s(y) = y**2 - 2*y + 5. What is s(3)?
8
Let d(k) = -2*k**3 + 4*k**2 - 16*k - 124. Determine d(-3).
14
Let b(y) = -2*y**2 + 7*y + 541. Determine b(20).
-119
Let n(s) = 1076*s + 13996. Give n(-13).
8
Let v(g) = 69*g**2 - 245*g - 6. Determine v(4).
118
Let c(k) = -799*k + 797. What is c(1)?
-2
Let i(g) = -7982*g - 23931. Give i(-3).
15
Let f(d) = -14*d**2 - 282*d - 1062. Calculate f(-5).
-2
Let m(o) = -o**2 + 379*o - 26594. Give m(93).
4
Let r(a) = 2*a**3 + 255*a**2 + 3847*a - 303. Calculate r(-110).
27
Let z(g) = -g**2 - 11*g - 1. Give z(-11).
-1
Let n(j) = j**2 + 32*j + 113. Calculate n(-22).
-107
Let a(p) = -9*p**2 + 1707*p + 566. What is a(190)?
-4
Let s(h) = h**3 - 6*h**2 - 15*h + 98. What is s(6)?
8
Let v(g) = -g**2 - 17*g + 93. Calculate v(-28).
-215
Let c(d) = 34*d**2 + 1289*d - 15. Calculate c(-38).
99
Let q(z) = -z**2 - 7*z + 45. What is q(-12)?
-15
Let b(x) = -225*x - 25187. Give b(-112).
13
Let g(j) = -j**2 - 68*j - 1115. Calculate g(-28).
5
Let w(v) = -v**3 - 6*v**2 - 3*v - 47. Calculate w(-6).
-29
Let u(r) = -9*r - 189. Give u(-28).
63
Let u(i) = -40*i - 2168. What is u(-54)?
-8
Let v(q) = -96*q - 377. Determine v(-9).
487
Let j(t) = t**3 - 33*t**2 - 68*t - 75. Give j(35).
-5
Let b(d) = d**2 + 18*d - 46. What is b(-11)?
-123
Let o(b) = 170*b + 1650. Determine o(-10).
-50
Let n(r) = -5*r**3 - r**2 + 9*r + 10. Give n(-1).
5
Let y(a) = -49*a + 1048. Calculate y(22).
-30
Let b(z) = -z**3 + 26*z**2 - 120*z + 73. Calculate b(5).
-2
Let o(d) = 28637*d + 315009. What is o(-11)?
2
Let m(p) = p**3 + 36*p**2 - 129*p - 1907. What is m(-38)?
107
Let o(p) = -111*p - 8335. What is o(-75)?
-10
Let w(o) = -7*o**2 + 151*o + 64. What is w(22)?
-2
Let d(t) = t**3 - 9*t**2 - 26*t + 205. Calculate d(5).
-25
Let r(j) = 61*j + 101. What is r(-1)?
40
Let p(w) = 2*w**3 - 5*w**2 - 3*w - 5. Determine p(-2).
-35
Let x(j) = -20*j - 428. Give x(-20).
-28
Let j(p) = -p**2 - 345*p - 9171. Determine j(-29).
-7
Let s(c) = 2*c**3 - 13*c**2 - 7*c + 5. Give s(7).
5
Let r(o) = o**3 + 10*o**2 - 10*o - 45. Determine r(-9).
126
Let i(b) = -b**2 - 63*b - 1071. Determine i(-29).
-85
Let t(f) = -19*f - 664. What is t(-34)?
-18
Let w(x) = -x**3 - 13*x**2 + 26*x + 72. What is w(-15)?
132
Let a(g) = 11*g - 839. Determine a(63).
-146
Let n(p) = 2*p**3 - 17*p**2 + p - 88. Determine n(9).
2
Let b(v) = -9*v**3 - 70*v**2 + 3*v - 82. Give b(-8).
22
Let t(w) = w**2 - 403*w - 4565. Calculate t(-11).
-11
Let q(y) = -y**3 - 94*y**2 - 1051*y + 34. Give q(-81).
-128
Let c(w) = 22*w - 9. What is c(5)?
101
Let w(z) = -343*z + 1068. Determine w(3).
39
Let j(c) = -14*c - 190. Determine j(-39).
356
Let h(r) = r**3 + 14*r**2 + 21*r + 26. Calculate h(-11).
158
Let t(l) = 2*l**3 - 9*l**2 + 2*l + 4. What is t(6)?
124
Let y(c) = c**3 + 46*c**2 + 389*c + 4. What is y(-35)?
-136
Let i(d) = 2*d**3 - 15*d**2 - 32*d + 282. Determine i(6).
-18
Let h(f) = -30*f**2 + 67*f + 3. What is h(3)?
-66
Let p(b) = -34*b + 1034. What is p(30)?
14
Let z(x) = 1064*x + 5297. Calculate z(-5).
-23
Let k(y) = 4*y + 1. Determine k(11).
45
Let c(f) = -f**2 - 15*f + 13. Determine c(-7).
69
Let f(v) = 125*v + 2. Determine f(-3).
-373
Let a(u) = -187*u + 42753. What is a(229)?
-70
Let k(v) = v**3 + 72*v**2 + 249*v - 97. Give k(-4).
-5
Let m(g) = 9*g**2 + 6. What is m(4)?
150
Let q(t) = 16*t**2 + 701*t - 107. Calculate q(-44).
25
Let v(h) = 5*h**2 - 7*h - 59. Determine v(7).
137
Let o(i) = i**3 + 58*i**2 + 389*i - 543. What is o(-50)?
7
Let k(a) = a**3 + 110*a**2 - 96*a + 1662. Determine k(-111).
-3
Let y(r) = -r**3 + 57*r**2 + 126*r - 510. What is y(59)?
-38
Let y(r) = r**2 - 47*r - 6254. Determine y(106).
0
Let q(w) = 63*w - 5210. Calculate q(84).
82
Let y(z) = -22*z + 1205. What is y(58)?
-71
Let j(y) = -2*y**2 + 113*y + 703. Calculate j(62).
21
Let g(j) = -j**3 + 30*j**2 + 400*j - 22. Give g(40).
-22
Let y(c) = 26*c**3 + c**2 - 26*c + 26. Give y(1).
27
Let x(t) = -2*t**3 + 32*t**2 - 32*t + 45. Calculate x(15).
15
Let h(v) = -v**2 - 330*v - 14239. Give h(-279).
-10
Let y(o) = 12*o + 847. Give y(-62).
103
Let z(m) = 3*m - 119. Give z(14).
-77
Let f(p) = 821*p - 1656. Give f(2).
-14
Let k(u) = -218*u - 24. What is k(1)?
-242
Let c(j) = 2*j**2 + 224*j - 426. Determine c(-114).
30
Let d(q) = 5*q**2 - 312*q + 3019. What is d(12)?
-5
Let g(c) = c**2 - 186*c - 1. What is g(0)?
-1
Let b(g) = -105*g - 172. What is b(-2)?
38
Let n(i) = -i**2 - 45*i - 279. Determine n(-14).
155
Let f(n) = -9*n**2 + 18*n + 147. Give f(0).
147
Let w(o) = -21*o**3 + 2*o**2 + 22*o + 21. Give w(-1).
22
Let c(q) = 91*q + 595. Calculate c(-8).
-133
Let y(d) = 15*d - 2044. What is y(136)?
-4
Let h(z) = -2*z**2 + 75*z - 347. Determine h(32).
5
Let f(q) = -3*q**3 - 44*q**2 + 118*q + 29. Give f(-17).
46
Let b(v) = -v**3 + 18*v**2 + 19*v - 350. Give b(18).
-8
Let v(s) = -3*s**3 + 328*s**2 - 1052*s - 850. Calculate v(106).
-2
Let i(s) = 75*s - 853. Calculate i(11).
-28
Let b(h) = -h**3 - 34*h**2 - 33*h - 19. What is b(-33)?
-19
Let g(l) = l**3 - 5*l**2 - 14*l + 6. Determine g(7).
6
Let w(j) = j**3 - 23*j**2 - 71*j + 2037. Calculate w(22).
-9
Let h(d) = -4946*d - 34612. Determine h(-7).
10
Let x(l) = 4*l**2 - 285*l + 3184. Calculate x(14).
-22
Let w(i) = 2*i**2 - 20*i - 1401. What is w(32)?
7
Let t(k) = -k**3 - 11*k**2 + 8*k. Give t(-12).
48
Let w(q) = q**3 - 6*q**2 + 2*q - 1. Give w(0).
-1
Let k(h) = -h**3 + 63*h**2 + 5*h - 316. Calculate k(63).
-1
Let p(k) = k**3 - 165*k**2 + 310*k + 38. What is p(2)?
6
Let z(l) = -16*l**2 + 14*l + 16. Give z(5).
-314
Let s(a) = 2*a**2 - 54*a - 228. Determine s(32).
92
Let f(o) = o**3 + 15*o**2 + 8*o + 82. Calculate f(-15).
-38
Let i(j) = -2*j**2 + 30*j + 349. Determine i(23).
-19
Let k(c) = 313*c + 1630. Determine k(-5).
65
Let y(z) = 7*z**2 - 30*z - 92. Give y(-2).
-4
Let b(k) = -k**3 - 44*k**2 + 187*k + 2156. What is b(-47)?
-6
Let q(i) = 5*i**2 - 44*i - 10. Give q(9).
-1
Let i(t) = 3*t**2 + 4*t - 140. Determine i(6).
-8
Let m(l) = 39*l - 464. Calculate m(22).
394
Let q(o) = o**3 + 5*o**2 - 11*o - 52. Give q(-5).
3
Let s(d) = d**2 + 356*d + 3156. Give s(-9).
33
Let u(k) = 4*k**3 + 5*k**2 + 4*k - 2. Calculate u(-3).
-77
Let s(y) = -2*y**2 + 1505*y - 11998. What is s(8)?
-86
Let p(j) = 398*j + 1029. Give p(-4).
-563
Let a(h) = 30*h - 580. Calculate a(9).
-310
Let y(k) = k**2 + 372*k + 12701. Determine y(-38).
9
Let n(r) = -22*r + 77. Determine n(7).
-77
Let u(v) = v**3 + 101*v**2 + 184*v - 1454. Give u(-99).
-68
Let s(t) = 3*t**2 - 59*t - 156. What is s(22)?
-2
Let g(w) = 676*w - 114. Determine g(1).
562
Let i(c) = c**2 + 7*c + 6. Calculate i(0).
6
Let l(c) = -50*c**2 + 2698*c + 102. Determine l(54).
-6
Let w(d) = 131*d**3 - 6*d**2 + 21*d - 20. Calculate w(1).
126
Let w(k) = 3*k**2 + 6*k + 59. Give w(-7).
164
Let a(t) = -8945*t - 134180. What is a(-15)?
-5
Let h(o) = -23*o + 742. Give h(42).
-224
Let x(y) = -y**2 + 98*y - 2153. What is x(63)?
52
Let w(o) = -2*o**2 + 23. What is w(-3)?
5
Let q(v) = 21259*v + 318886. Give q(-15).
1
Let t(a) = 2*a**2 + 58*a + 369. What is t(-7)?
61
Let u(x) = -222*x - 108. Det